{"id":34,"date":"2021-07-26T22:42:56","date_gmt":"2021-07-26T20:42:56","guid":{"rendered":"https:\/\/www.kneipp-sachsen.de\/bad-schlema\/?page_id=34"},"modified":"2022-09-27T14:33:12","modified_gmt":"2022-09-27T12:33:12","slug":"impressum","status":"publish","type":"page","link":"https:\/\/www.kneipp-sachsen.de\/bad-schlema\/impressum\/","title":{"rendered":"Impressum"},"content":{"rendered":"<!--themify_builder_content-->\n<div id=\"themify_builder_content-34\" data-postid=\"34\" class=\"themify_builder_content themify_builder_content-34 themify_builder tf_clear\">\n                    <div  data-lazy=\"1\" class=\"module_row themify_builder_row tb_nyw062 tb_first tf_w\">\n                        <div class=\"row_inner col_align_top tb_col_count_1 tf_box tf_rel\">\n                        <div  data-lazy=\"1\" class=\"module_column tb-column col-full tb_7guk66 first\">\n                            <div  data-lazy=\"1\" class=\"module_subrow themify_builder_sub_row tf_w col_align_top tb_col_count_1 tb_jkvi68\">\n                <div  data-lazy=\"1\" class=\"module_column sub_column col-full tb_0hgj75 first\">\n                    <!-- module fancy heading -->\n<div  class=\"module module-fancy-heading tb_g5pj77 \" data-lazy=\"1\">\n        <h2 class=\"fancy-heading tf_textl\">\n    <span class=\"main-head tf_block\">\n                    Impressum            <\/span>\n\n    \n    <span class=\"sub-head tf_block tf_rel\">\n                                <\/span>\n    <\/h2>\n<\/div>\n<!-- \/module fancy heading -->\n<!-- module text -->\n<div  class=\"module module-text tb_vxqw80   \" data-lazy=\"1\">\n    <h3 class=\"module-title\">Kneipp-Verein Bad Schlema e.V.<\/h3>    <div  class=\"tb_text_wrap\">\n        <p><strong>Gesch\u00e4ftsstelle (Kontakt):<\/strong><\/p>\n<p>Kneipp-Verein Bad Schlema e.V.<br \/>\u201eKarl-Aurand-Haus\u201c im Kurpark<br \/>Prof.-Dr.-Boris-Rajewsky-Stra\u00dfe 4<br \/>08301 Aue \u2013 Bad Schlema<\/p>\n<p>Tel.:\/Fax: 03772\/38 15 06<\/p>\n<p>Mail: <a href=\"mailto:kneipp-verein-bad-schlema@web.de\">kneipp-verein-bad-schlema@web.de<\/a><\/p>\n<p>\u00d6ffnungszeiten: \u00a0Mo bis Do 09.00 bis 14.00 Uhr<\/p>\n<p>\u00a0<\/p>    <\/div>\n<\/div>\n<!-- \/module text --><!-- module text -->\n<div  class=\"module module-text tb_uulr82   \" data-lazy=\"1\">\n        <div  class=\"tb_text_wrap\">\n        <p><strong>Vereinsregister:<br><\/strong>VR 20526, Amtsgericht Chemnitz<\/p>    <\/div>\n<\/div>\n<!-- \/module text --><!-- module text -->\n<div  class=\"module module-text tb_m4c884   \" data-lazy=\"1\">\n        <div  class=\"tb_text_wrap\">\n        <p><strong>Gesetzlich vertreten durch:<br><\/strong>Frau Hau\u00dfe, Frau Menzer<\/p>    <\/div>\n<\/div>\n<!-- \/module text --><!-- module text -->\n<div  class=\"module module-text tb_or1x87   \" data-lazy=\"1\">\n        <div  class=\"tb_text_wrap\">\n        <p><strong>Verantwortlich i.S.d. \u00a7 55 RStV:<\/strong><br>Frau Prei\u00df verantw. Im Sinne \u00a755 RStV<\/p>\n<p>Kneipp-Verein Bad Schlema e.V.<br>Prof.-Dr.-Boris-Rajewsky-Str. 4<br>08301\u00a0\u00a0 Aue &#8211; Bad Schlema<\/p>\n<p>Gesch\u00e4ftsstelle: (Mo-Do 9.00 &#8211; 14.00 Uhr und nach Vereinbarung)<\/p>\n<p>Tel+Fax:\u00a0\u00a0 03772 \/ 381506<\/p>\n<p>\u00a0<\/p>    <\/div>\n<\/div>\n<!-- \/module text --><!-- module text -->\n<div  class=\"module module-text tb_0e7q91   \" data-lazy=\"1\">\n        <div  class=\"tb_text_wrap\">\n        <p><strong>Realisation:<br \/><br \/><\/strong>Websites Jan Kiese<br \/>Fl\u00e4minger Ufer 20<br \/>06749 Bitterfeld-Wolfen<br \/>Tel.: 0178 8040184<br \/>E-mail: mail@jan-kiese.de<\/p>    <\/div>\n<\/div>\n<!-- \/module text --><!-- module text -->\n<div  class=\"module module-text tb_m94b93   \" data-lazy=\"1\">\n        <div  class=\"tb_text_wrap\">\n        <p><strong>Haftungsausschluss:<\/strong><br \/>Trotz sorgf\u00e4ltiger inhaltlicher Kontrolle \u00fcbernehmen wir keine Haftung f\u00fcr die Inhalte von Websites Dritter, die von dieser Website aus \u00fcber Links erreichbar sind. Der Kneipp-Bund Sachsen\u00a0 hat auf die Inhalte externer Websites keinen Einfluss und kann diese nicht fortlaufend \u00fcberpr\u00fcfen. Die Verantwortung liegt ausschlie\u00dflich beim Betreiber der jeweiligen Homepage.<\/p>    <\/div>\n<\/div>\n<!-- \/module text --><!-- module text -->\n<div  class=\"module module-text tb_qe7594   \" data-lazy=\"1\">\n        <div  class=\"tb_text_wrap\">\n        <p><strong>Urheberrechtshinweis:<\/strong><br \/>Alle Inhalte und Strukturen dieser Website sind urheber- und leistungsschutzrechtlich gesch\u00fctzt. Die Ver\u00f6ffentlichung im World Wide Web oder in sonstigen Diensten des Internet bedeutet noch keine Einverst\u00e4ndniserkl\u00e4rung f\u00fcr eine anderweitige Nutzung durch Dritte.<\/p>\n<p>Wir erlauben und begr\u00fc\u00dfen ausdr\u00fccklich das Zitieren unserer Dokumente sowie das Setzen von Links auf unsere Website, solange kenntlich gemacht wird, dass es sich um Inhalte der Website des Kneipp-Bund Sachsen handelt und diese Inhalte nicht in Verbindung mit Inhalten Dritter gebracht werden, die den Interessen des Kneipp-Bund Sachsen widersprechen.<\/p>    <\/div>\n<\/div>\n<!-- \/module text --><!-- module text -->\n<div  class=\"module module-text tb_a63w96   \" data-lazy=\"1\">\n        <div  class=\"tb_text_wrap\">\n        <p><strong>Gewerbliche Schutzrechte:<\/strong><br \/>Alle innerhalb dieser Website genannten und ggf. durch Dritte gesch\u00fctzten Marken- und Warenzeichen unterliegen uneingeschr\u00e4nkt den Bestimmungen des jeweils g\u00fcltigen Kennzeichenrechts und den Rechten der jeweiligen Inhaber. Allein aufgrund der blo\u00dfen Nennung ist nicht der Schluss zu ziehen, dass Kennzeichen nicht durch Rechte Dritter gesch\u00fctzt sind.<\/p>    <\/div>\n<\/div>\n<!-- \/module text -->        <\/div>\n                    <\/div>\n                <\/div>\n                        <\/div>\n        <\/div>\n        <\/div>\n<!--\/themify_builder_content-->","protected":false},"excerpt":{"rendered":"<p>Gesch\u00e4ftsstelle (Kontakt): Kneipp-Verein Bad Schlema e.V.\u201eKarl-Aurand-Haus\u201c im KurparkProf.-Dr.-Boris-Rajewsky-Stra\u00dfe 408301 Aue \u2013 Bad Schlema Tel.:\/Fax: 03772\/38 15 06 Mail: kneipp-verein-bad-schlema@web.de \u00d6ffnungszeiten: \u00a0Mo bis Do 09.00 bis 14.00 Uhr \u00a0<\/p>\n","protected":false},"author":2,"featured_media":0,"parent":0,"menu_order":0,"comment_status":"closed","ping_status":"closed","template":"","meta":{"footnotes":"","advanced-sidebar-menu\/link-title":"","advanced-sidebar-menu\/exclude-page":false},"class_list":["post-34","page","type-page","status-publish","hentry","has-post-title","has-post-date","has-post-category","has-post-tag","has-post-comment","has-post-author",""],"yoast_head":"<!-- This site is optimized with the Yoast SEO plugin v26.9 - https:\/\/yoast.com\/product\/yoast-seo-wordpress\/ -->\n<title>Impressum - Kneipp Bad Schlema<\/title>\n<meta name=\"robots\" content=\"index, follow, max-snippet:-1, max-image-preview:large, max-video-preview:-1\" \/>\n<link rel=\"canonical\" href=\"https:\/\/www.kneipp-sachsen.de\/bad-schlema\/impressum\/\" \/>\n<meta property=\"og:locale\" content=\"de_DE\" \/>\n<meta property=\"og:type\" content=\"article\" \/>\n<meta property=\"og:title\" content=\"Impressum - Kneipp Bad Schlema\" \/>\n<meta property=\"og:description\" content=\"Gesch\u00e4ftsstelle (Kontakt): Kneipp-Verein Bad Schlema e.V.\u201eKarl-Aurand-Haus\u201c im KurparkProf.-Dr.-Boris-Rajewsky-Stra\u00dfe 408301 Aue \u2013 Bad Schlema Tel.:\/Fax: 03772\/38 15 06 Mail: kneipp-verein-bad-schlema@web.de \u00d6ffnungszeiten: \u00a0Mo bis Do 09.00 bis 14.00 Uhr \u00a0\" \/>\n<meta property=\"og:url\" content=\"https:\/\/www.kneipp-sachsen.de\/bad-schlema\/impressum\/\" \/>\n<meta property=\"og:site_name\" content=\"Kneipp Bad Schlema\" \/>\n<meta property=\"article:modified_time\" content=\"2022-09-27T12:33:12+00:00\" \/>\n<meta name=\"twitter:card\" content=\"summary_large_image\" \/>\n<script type=\"application\/ld+json\" class=\"yoast-schema-graph\">{\"@context\":\"https:\/\/schema.org\",\"@graph\":[{\"@type\":\"WebPage\",\"@id\":\"https:\/\/www.kneipp-sachsen.de\/bad-schlema\/impressum\/\",\"url\":\"https:\/\/www.kneipp-sachsen.de\/bad-schlema\/impressum\/\",\"name\":\"Impressum - Kneipp Bad Schlema\",\"isPartOf\":{\"@id\":\"https:\/\/www.kneipp-sachsen.de\/bad-schlema\/#website\"},\"datePublished\":\"2021-07-26T20:42:56+00:00\",\"dateModified\":\"2022-09-27T12:33:12+00:00\",\"breadcrumb\":{\"@id\":\"https:\/\/www.kneipp-sachsen.de\/bad-schlema\/impressum\/#breadcrumb\"},\"inLanguage\":\"de\",\"potentialAction\":[{\"@type\":\"ReadAction\",\"target\":[\"https:\/\/www.kneipp-sachsen.de\/bad-schlema\/impressum\/\"]}]},{\"@type\":\"BreadcrumbList\",\"@id\":\"https:\/\/www.kneipp-sachsen.de\/bad-schlema\/impressum\/#breadcrumb\",\"itemListElement\":[{\"@type\":\"ListItem\",\"position\":1,\"name\":\"Startseite\",\"item\":\"https:\/\/www.kneipp-sachsen.de\/bad-schlema\/\"},{\"@type\":\"ListItem\",\"position\":2,\"name\":\"Impressum\"}]},{\"@type\":\"WebSite\",\"@id\":\"https:\/\/www.kneipp-sachsen.de\/bad-schlema\/#website\",\"url\":\"https:\/\/www.kneipp-sachsen.de\/bad-schlema\/\",\"name\":\"Kneipp-Verein Bad Schlema e.V.\",\"description\":\"Eine weitere WordPress-Website\",\"potentialAction\":[{\"@type\":\"SearchAction\",\"target\":{\"@type\":\"EntryPoint\",\"urlTemplate\":\"https:\/\/www.kneipp-sachsen.de\/bad-schlema\/?s={search_term_string}\"},\"query-input\":{\"@type\":\"PropertyValueSpecification\",\"valueRequired\":true,\"valueName\":\"search_term_string\"}}],\"inLanguage\":\"de\"}]}<\/script>\n<!-- \/ Yoast SEO plugin. -->","yoast_head_json":{"title":"Impressum - Kneipp Bad Schlema","robots":{"index":"index","follow":"follow","max-snippet":"max-snippet:-1","max-image-preview":"max-image-preview:large","max-video-preview":"max-video-preview:-1"},"canonical":"https:\/\/www.kneipp-sachsen.de\/bad-schlema\/impressum\/","og_locale":"de_DE","og_type":"article","og_title":"Impressum - Kneipp Bad Schlema","og_description":"Gesch\u00e4ftsstelle (Kontakt): Kneipp-Verein Bad Schlema e.V.\u201eKarl-Aurand-Haus\u201c im KurparkProf.-Dr.-Boris-Rajewsky-Stra\u00dfe 408301 Aue \u2013 Bad Schlema Tel.:\/Fax: 03772\/38 15 06 Mail: kneipp-verein-bad-schlema@web.de \u00d6ffnungszeiten: \u00a0Mo bis Do 09.00 bis 14.00 Uhr \u00a0","og_url":"https:\/\/www.kneipp-sachsen.de\/bad-schlema\/impressum\/","og_site_name":"Kneipp Bad Schlema","article_modified_time":"2022-09-27T12:33:12+00:00","twitter_card":"summary_large_image","schema":{"@context":"https:\/\/schema.org","@graph":[{"@type":"WebPage","@id":"https:\/\/www.kneipp-sachsen.de\/bad-schlema\/impressum\/","url":"https:\/\/www.kneipp-sachsen.de\/bad-schlema\/impressum\/","name":"Impressum - Kneipp Bad Schlema","isPartOf":{"@id":"https:\/\/www.kneipp-sachsen.de\/bad-schlema\/#website"},"datePublished":"2021-07-26T20:42:56+00:00","dateModified":"2022-09-27T12:33:12+00:00","breadcrumb":{"@id":"https:\/\/www.kneipp-sachsen.de\/bad-schlema\/impressum\/#breadcrumb"},"inLanguage":"de","potentialAction":[{"@type":"ReadAction","target":["https:\/\/www.kneipp-sachsen.de\/bad-schlema\/impressum\/"]}]},{"@type":"BreadcrumbList","@id":"https:\/\/www.kneipp-sachsen.de\/bad-schlema\/impressum\/#breadcrumb","itemListElement":[{"@type":"ListItem","position":1,"name":"Startseite","item":"https:\/\/www.kneipp-sachsen.de\/bad-schlema\/"},{"@type":"ListItem","position":2,"name":"Impressum"}]},{"@type":"WebSite","@id":"https:\/\/www.kneipp-sachsen.de\/bad-schlema\/#website","url":"https:\/\/www.kneipp-sachsen.de\/bad-schlema\/","name":"Kneipp-Verein Bad Schlema e.V.","description":"Eine weitere WordPress-Website","potentialAction":[{"@type":"SearchAction","target":{"@type":"EntryPoint","urlTemplate":"https:\/\/www.kneipp-sachsen.de\/bad-schlema\/?s={search_term_string}"},"query-input":{"@type":"PropertyValueSpecification","valueRequired":true,"valueName":"search_term_string"}}],"inLanguage":"de"}]}},"builder_content":"<h2>Impressum<br\/><\/h2>\n<h3>Kneipp-Verein Bad Schlema e.V.<\/h3> <p><strong>Gesch\u00e4ftsstelle (Kontakt):<\/strong><\/p> <p>Kneipp-Verein Bad Schlema e.V.<br \/>\u201eKarl-Aurand-Haus\u201c im Kurpark<br \/>Prof.-Dr.-Boris-Rajewsky-Stra\u00dfe 4<br \/>08301 Aue \u2013 Bad Schlema<\/p> <p>Tel.:\/Fax: 03772\/38 15 06<\/p> <p>Mail: <a href=\"mailto:kneipp-verein-bad-schlema@web.de\">kneipp-verein-bad-schlema@web.de<\/a><\/p> <p>\u00d6ffnungszeiten: \u00a0Mo bis Do 09.00 bis 14.00 Uhr<\/p> <p>\u00a0<\/p>\n<p><strong>Vereinsregister:<br><\/strong>VR 20526, Amtsgericht Chemnitz<\/p>\n<p><strong>Gesetzlich vertreten durch:<br><\/strong>Frau Hau\u00dfe, Frau Menzer<\/p>\n<p><strong>Verantwortlich i.S.d. \u00a7 55 RStV:<\/strong><br>Frau Prei\u00df verantw. Im Sinne \u00a755 RStV<\/p> <p>Kneipp-Verein Bad Schlema e.V.<br>Prof.-Dr.-Boris-Rajewsky-Str. 4<br>08301\u00a0\u00a0 Aue - Bad Schlema<\/p> <p>Gesch\u00e4ftsstelle: (Mo-Do 9.00 - 14.00 Uhr und nach Vereinbarung)<\/p> <p>Tel+Fax:\u00a0\u00a0 03772 \/ 381506<\/p> <p>\u00a0<\/p>\n<p><strong>Realisation:<br \/><br \/><\/strong>Websites Jan Kiese<br \/>Fl\u00e4minger Ufer 20<br \/>06749 Bitterfeld-Wolfen<br \/>Tel.: 0178 8040184<br \/>E-mail: mail@jan-kiese.de<\/p>\n<p><strong>Haftungsausschluss:<\/strong><br \/>Trotz sorgf\u00e4ltiger inhaltlicher Kontrolle \u00fcbernehmen wir keine Haftung f\u00fcr die Inhalte von Websites Dritter, die von dieser Website aus \u00fcber Links erreichbar sind. Der Kneipp-Bund Sachsen\u00a0 hat auf die Inhalte externer Websites keinen Einfluss und kann diese nicht fortlaufend \u00fcberpr\u00fcfen. Die Verantwortung liegt ausschlie\u00dflich beim Betreiber der jeweiligen Homepage.<\/p>\n<p><strong>Urheberrechtshinweis:<\/strong><br \/>Alle Inhalte und Strukturen dieser Website sind urheber- und leistungsschutzrechtlich gesch\u00fctzt. Die Ver\u00f6ffentlichung im World Wide Web oder in sonstigen Diensten des Internet bedeutet noch keine Einverst\u00e4ndniserkl\u00e4rung f\u00fcr eine anderweitige Nutzung durch Dritte.<\/p> <p>Wir erlauben und begr\u00fc\u00dfen ausdr\u00fccklich das Zitieren unserer Dokumente sowie das Setzen von Links auf unsere Website, solange kenntlich gemacht wird, dass es sich um Inhalte der Website des Kneipp-Bund Sachsen handelt und diese Inhalte nicht in Verbindung mit Inhalten Dritter gebracht werden, die den Interessen des Kneipp-Bund Sachsen widersprechen.<\/p>\n<p><strong>Gewerbliche Schutzrechte:<\/strong><br \/>Alle innerhalb dieser Website genannten und ggf. durch Dritte gesch\u00fctzten Marken- und Warenzeichen unterliegen uneingeschr\u00e4nkt den Bestimmungen des jeweils g\u00fcltigen Kennzeichenrechts und den Rechten der jeweiligen Inhaber. Allein aufgrund der blo\u00dfen Nennung ist nicht der Schluss zu ziehen, dass Kennzeichen nicht durch Rechte Dritter gesch\u00fctzt sind.<\/p>","_links":{"self":[{"href":"https:\/\/www.kneipp-sachsen.de\/bad-schlema\/wp-json\/wp\/v2\/pages\/34","targetHints":{"allow":["GET"]}}],"collection":[{"href":"https:\/\/www.kneipp-sachsen.de\/bad-schlema\/wp-json\/wp\/v2\/pages"}],"about":[{"href":"https:\/\/www.kneipp-sachsen.de\/bad-schlema\/wp-json\/wp\/v2\/types\/page"}],"author":[{"embeddable":true,"href":"https:\/\/www.kneipp-sachsen.de\/bad-schlema\/wp-json\/wp\/v2\/users\/2"}],"replies":[{"embeddable":true,"href":"https:\/\/www.kneipp-sachsen.de\/bad-schlema\/wp-json\/wp\/v2\/comments?post=34"}],"version-history":[{"count":11,"href":"https:\/\/www.kneipp-sachsen.de\/bad-schlema\/wp-json\/wp\/v2\/pages\/34\/revisions"}],"predecessor-version":[{"id":384,"href":"https:\/\/www.kneipp-sachsen.de\/bad-schlema\/wp-json\/wp\/v2\/pages\/34\/revisions\/384"}],"wp:attachment":[{"href":"https:\/\/www.kneipp-sachsen.de\/bad-schlema\/wp-json\/wp\/v2\/media?parent=34"}],"curies":[{"name":"wp","href":"https:\/\/api.w.org\/{rel}","templated":true}]}}