{"id":50,"date":"2021-07-26T22:52:22","date_gmt":"2021-07-26T20:52:22","guid":{"rendered":"https:\/\/www.kneipp-sachsen.de\/bad-schlema\/?page_id=50"},"modified":"2021-09-22T11:38:29","modified_gmt":"2021-09-22T09:38:29","slug":"mitglied-werden","status":"publish","type":"page","link":"https:\/\/www.kneipp-sachsen.de\/bad-schlema\/mitglied-werden\/","title":{"rendered":"Mitglied werden"},"content":{"rendered":"<!--themify_builder_content-->\n<div id=\"themify_builder_content-50\" data-postid=\"50\" class=\"themify_builder_content themify_builder_content-50 themify_builder tf_clear\">\n                    <div  data-lazy=\"1\" class=\"module_row themify_builder_row tb_7oxm226 tb_first tf_w\">\n                        <div class=\"row_inner col_align_top tb_col_count_1 tf_box tf_rel\">\n                        <div  data-lazy=\"1\" class=\"module_column tb-column col-full tb_sxxw231 first\">\n                            <div  data-lazy=\"1\" class=\"module_subrow themify_builder_sub_row tf_w col_align_top tb_col_count_1 tb_6uhj232\">\n                <div  data-lazy=\"1\" class=\"module_column sub_column col-full tb_ntdr237 first\">\n                    <!-- module fancy heading -->\n<div  class=\"module module-fancy-heading tb_rywi239 \" data-lazy=\"1\">\n        <h1 class=\"fancy-heading\">\n    <span class=\"main-head tf_block\">\n                    Werden Sie Mitglied in einem \u00f6rtlichen Kneipp-Verein!            <\/span>\n\n    \n    <span class=\"sub-head tf_block tf_rel\">\n                                <\/span>\n    <\/h1>\n<\/div>\n<!-- \/module fancy heading -->\n<!-- module text -->\n<div  class=\"module module-text tb_q0tp246  repeat \" data-lazy=\"1\">\n    <h3 class=\"module-title\">Bleiben Sie aktiv & gesund!<\/h3>    <div  class=\"tb_text_wrap\">\n        <h3>Ihre Mitgliedervorteile:<\/h3>\n<ul>\n<li>Sie erhalten die beliebte Mitgliederzeitschrift &#8222;Kneipp-Journal&#8220; frei Haus.<\/li>\n<li>Sie erhalten Verg\u00fcnstigungen bei Aus-, Fort- und Weiterbildungskursen der Sebastian-Kneipp-Akademie (SKA) und\u00a0 verbringen Ihren Urlaub zu erm\u00e4\u00dfigten Preisen in den Kneipp-Kurhotels in Bad W\u00f6rishofen und Bad Lauterberg<\/li>\n<li>Sie nutzen die vielf\u00e4ltigen gesundheitsorientierten Bewegungs- und Entspannungsangebote zum Mitgliederpreis.<\/li>\n<li>Sie lernen Kneipp-Anwendungen, Heilpflanzen und ihre positiven Wirkungen kennen.<\/li>\n<li>Sie erhalten viele Tipps rund um die f\u00fcnf Elemente Bewegung, Ern\u00e4hrung, Lebensordnung, Wasser und Heilpflanzen.<\/li>\n<li>Sie werden Teil der Kneipp-Bewegung und finden Kontakt zu gleichgesinnten, gesundheitsbewussten Menschen aller Altersgruppen in den Vereinen, bei Reisen, Ausfl\u00fcgen und Wanderungen.<\/li>\n<li>Sie erleben geselliges Miteinander bei verschiedenen Anl\u00e4ssen.<\/li>\n<\/ul>\n<h3>Nehmen Sie einfach <a href=\"https:\/\/www.kneipp-sachsen.de\/kontakt\/\" target=\"_blank\" rel=\"noopener\">Kontakt<\/a> zu uns auf, wir freuen uns auf Sie!<\/h3>    <\/div>\n<\/div>\n<!-- \/module text -->        <\/div>\n                    <\/div>\n                <\/div>\n                        <\/div>\n        <\/div>\n        <\/div>\n<!--\/themify_builder_content-->","protected":false},"excerpt":{"rendered":"<p>Werden Sie Mitglied in einem \u00f6rtlichen Kneipp-Verein! Bleiben Sie aktiv &#038; gesund! Ihre Mitgliedervorteile: Sie erhalten die beliebte Mitgliederzeitschrift &#8222;Kneipp-Journal&#8220; frei Haus. Sie erhalten Verg\u00fcnstigungen bei Aus-, Fort- und Weiterbildungskursen der Sebastian-Kneipp-Akademie (SKA) und\u00a0 verbringen Ihren Urlaub zu erm\u00e4\u00dfigten Preisen in den Kneipp-Kurhotels in Bad W\u00f6rishofen und Bad Lauterberg Sie nutzen die vielf\u00e4ltigen gesundheitsorientierten Bewegungs- [&hellip;]<\/p>\n","protected":false},"author":2,"featured_media":0,"parent":0,"menu_order":0,"comment_status":"closed","ping_status":"closed","template":"","meta":{"footnotes":"","advanced-sidebar-menu\/link-title":"","advanced-sidebar-menu\/exclude-page":false},"class_list":["post-50","page","type-page","status-publish","hentry","has-post-title","has-post-date","has-post-category","has-post-tag","has-post-comment","has-post-author",""],"yoast_head":"<!-- This site is optimized with the Yoast SEO plugin v26.9 - https:\/\/yoast.com\/product\/yoast-seo-wordpress\/ -->\n<title>Mitglied werden - Kneipp Bad Schlema<\/title>\n<meta name=\"robots\" content=\"index, follow, max-snippet:-1, max-image-preview:large, max-video-preview:-1\" \/>\n<link rel=\"canonical\" href=\"https:\/\/www.kneipp-sachsen.de\/bad-schlema\/mitglied-werden\/\" \/>\n<meta property=\"og:locale\" content=\"de_DE\" \/>\n<meta property=\"og:type\" content=\"article\" \/>\n<meta property=\"og:title\" content=\"Mitglied werden - Kneipp Bad Schlema\" \/>\n<meta property=\"og:description\" content=\"Werden Sie Mitglied in einem \u00f6rtlichen Kneipp-Verein! Bleiben Sie aktiv &#038; gesund! Ihre Mitgliedervorteile: Sie erhalten die beliebte Mitgliederzeitschrift &#8222;Kneipp-Journal&#8220; frei Haus. Sie erhalten Verg\u00fcnstigungen bei Aus-, Fort- und Weiterbildungskursen der Sebastian-Kneipp-Akademie (SKA) und\u00a0 verbringen Ihren Urlaub zu erm\u00e4\u00dfigten Preisen in den Kneipp-Kurhotels in Bad W\u00f6rishofen und Bad Lauterberg Sie nutzen die vielf\u00e4ltigen gesundheitsorientierten Bewegungs- [&hellip;]\" \/>\n<meta property=\"og:url\" content=\"https:\/\/www.kneipp-sachsen.de\/bad-schlema\/mitglied-werden\/\" \/>\n<meta property=\"og:site_name\" content=\"Kneipp Bad Schlema\" \/>\n<meta property=\"article:modified_time\" content=\"2021-09-22T09:38:29+00:00\" \/>\n<meta name=\"twitter:card\" content=\"summary_large_image\" \/>\n<meta name=\"twitter:label1\" content=\"Gesch\u00e4tzte Lesezeit\" \/>\n\t<meta name=\"twitter:data1\" content=\"1\u00a0Minute\" \/>\n<script type=\"application\/ld+json\" class=\"yoast-schema-graph\">{\"@context\":\"https:\/\/schema.org\",\"@graph\":[{\"@type\":\"WebPage\",\"@id\":\"https:\/\/www.kneipp-sachsen.de\/bad-schlema\/mitglied-werden\/\",\"url\":\"https:\/\/www.kneipp-sachsen.de\/bad-schlema\/mitglied-werden\/\",\"name\":\"Mitglied werden - Kneipp Bad Schlema\",\"isPartOf\":{\"@id\":\"https:\/\/www.kneipp-sachsen.de\/bad-schlema\/#website\"},\"datePublished\":\"2021-07-26T20:52:22+00:00\",\"dateModified\":\"2021-09-22T09:38:29+00:00\",\"breadcrumb\":{\"@id\":\"https:\/\/www.kneipp-sachsen.de\/bad-schlema\/mitglied-werden\/#breadcrumb\"},\"inLanguage\":\"de\",\"potentialAction\":[{\"@type\":\"ReadAction\",\"target\":[\"https:\/\/www.kneipp-sachsen.de\/bad-schlema\/mitglied-werden\/\"]}]},{\"@type\":\"BreadcrumbList\",\"@id\":\"https:\/\/www.kneipp-sachsen.de\/bad-schlema\/mitglied-werden\/#breadcrumb\",\"itemListElement\":[{\"@type\":\"ListItem\",\"position\":1,\"name\":\"Startseite\",\"item\":\"https:\/\/www.kneipp-sachsen.de\/bad-schlema\/\"},{\"@type\":\"ListItem\",\"position\":2,\"name\":\"Mitglied werden\"}]},{\"@type\":\"WebSite\",\"@id\":\"https:\/\/www.kneipp-sachsen.de\/bad-schlema\/#website\",\"url\":\"https:\/\/www.kneipp-sachsen.de\/bad-schlema\/\",\"name\":\"Kneipp-Verein Bad Schlema e.V.\",\"description\":\"Eine weitere WordPress-Website\",\"potentialAction\":[{\"@type\":\"SearchAction\",\"target\":{\"@type\":\"EntryPoint\",\"urlTemplate\":\"https:\/\/www.kneipp-sachsen.de\/bad-schlema\/?s={search_term_string}\"},\"query-input\":{\"@type\":\"PropertyValueSpecification\",\"valueRequired\":true,\"valueName\":\"search_term_string\"}}],\"inLanguage\":\"de\"}]}<\/script>\n<!-- \/ Yoast SEO plugin. -->","yoast_head_json":{"title":"Mitglied werden - Kneipp Bad Schlema","robots":{"index":"index","follow":"follow","max-snippet":"max-snippet:-1","max-image-preview":"max-image-preview:large","max-video-preview":"max-video-preview:-1"},"canonical":"https:\/\/www.kneipp-sachsen.de\/bad-schlema\/mitglied-werden\/","og_locale":"de_DE","og_type":"article","og_title":"Mitglied werden - Kneipp Bad Schlema","og_description":"Werden Sie Mitglied in einem \u00f6rtlichen Kneipp-Verein! Bleiben Sie aktiv &#038; gesund! Ihre Mitgliedervorteile: Sie erhalten die beliebte Mitgliederzeitschrift &#8222;Kneipp-Journal&#8220; frei Haus. Sie erhalten Verg\u00fcnstigungen bei Aus-, Fort- und Weiterbildungskursen der Sebastian-Kneipp-Akademie (SKA) und\u00a0 verbringen Ihren Urlaub zu erm\u00e4\u00dfigten Preisen in den Kneipp-Kurhotels in Bad W\u00f6rishofen und Bad Lauterberg Sie nutzen die vielf\u00e4ltigen gesundheitsorientierten Bewegungs- [&hellip;]","og_url":"https:\/\/www.kneipp-sachsen.de\/bad-schlema\/mitglied-werden\/","og_site_name":"Kneipp Bad Schlema","article_modified_time":"2021-09-22T09:38:29+00:00","twitter_card":"summary_large_image","twitter_misc":{"Gesch\u00e4tzte Lesezeit":"1\u00a0Minute"},"schema":{"@context":"https:\/\/schema.org","@graph":[{"@type":"WebPage","@id":"https:\/\/www.kneipp-sachsen.de\/bad-schlema\/mitglied-werden\/","url":"https:\/\/www.kneipp-sachsen.de\/bad-schlema\/mitglied-werden\/","name":"Mitglied werden - Kneipp Bad Schlema","isPartOf":{"@id":"https:\/\/www.kneipp-sachsen.de\/bad-schlema\/#website"},"datePublished":"2021-07-26T20:52:22+00:00","dateModified":"2021-09-22T09:38:29+00:00","breadcrumb":{"@id":"https:\/\/www.kneipp-sachsen.de\/bad-schlema\/mitglied-werden\/#breadcrumb"},"inLanguage":"de","potentialAction":[{"@type":"ReadAction","target":["https:\/\/www.kneipp-sachsen.de\/bad-schlema\/mitglied-werden\/"]}]},{"@type":"BreadcrumbList","@id":"https:\/\/www.kneipp-sachsen.de\/bad-schlema\/mitglied-werden\/#breadcrumb","itemListElement":[{"@type":"ListItem","position":1,"name":"Startseite","item":"https:\/\/www.kneipp-sachsen.de\/bad-schlema\/"},{"@type":"ListItem","position":2,"name":"Mitglied werden"}]},{"@type":"WebSite","@id":"https:\/\/www.kneipp-sachsen.de\/bad-schlema\/#website","url":"https:\/\/www.kneipp-sachsen.de\/bad-schlema\/","name":"Kneipp-Verein Bad Schlema e.V.","description":"Eine weitere WordPress-Website","potentialAction":[{"@type":"SearchAction","target":{"@type":"EntryPoint","urlTemplate":"https:\/\/www.kneipp-sachsen.de\/bad-schlema\/?s={search_term_string}"},"query-input":{"@type":"PropertyValueSpecification","valueRequired":true,"valueName":"search_term_string"}}],"inLanguage":"de"}]}},"builder_content":"<h1>Werden Sie Mitglied in einem \u00f6rtlichen Kneipp-Verein!<br\/><\/h1>\n<h3>Bleiben Sie aktiv & gesund!<\/h3> <h3>Ihre Mitgliedervorteile:<\/h3> <ul> <li>Sie erhalten die beliebte Mitgliederzeitschrift \"Kneipp-Journal\" frei Haus.<\/li> <li>Sie erhalten Verg\u00fcnstigungen bei Aus-, Fort- und Weiterbildungskursen der Sebastian-Kneipp-Akademie (SKA) und\u00a0 verbringen Ihren Urlaub zu erm\u00e4\u00dfigten Preisen in den Kneipp-Kurhotels in Bad W\u00f6rishofen und Bad Lauterberg<\/li> <li>Sie nutzen die vielf\u00e4ltigen gesundheitsorientierten Bewegungs- und Entspannungsangebote zum Mitgliederpreis.<\/li> <li>Sie lernen Kneipp-Anwendungen, Heilpflanzen und ihre positiven Wirkungen kennen.<\/li> <li>Sie erhalten viele Tipps rund um die f\u00fcnf Elemente Bewegung, Ern\u00e4hrung, Lebensordnung, Wasser und Heilpflanzen.<\/li> <li>Sie werden Teil der Kneipp-Bewegung und finden Kontakt zu gleichgesinnten, gesundheitsbewussten Menschen aller Altersgruppen in den Vereinen, bei Reisen, Ausfl\u00fcgen und Wanderungen.<\/li> <li>Sie erleben geselliges Miteinander bei verschiedenen Anl\u00e4ssen.<\/li> <\/ul> <h3>Nehmen Sie einfach <a href=\"https:\/\/www.kneipp-sachsen.de\/kontakt\/\" target=\"_blank\" rel=\"noopener\">Kontakt<\/a> zu uns auf, wir freuen uns auf Sie!<\/h3>","_links":{"self":[{"href":"https:\/\/www.kneipp-sachsen.de\/bad-schlema\/wp-json\/wp\/v2\/pages\/50","targetHints":{"allow":["GET"]}}],"collection":[{"href":"https:\/\/www.kneipp-sachsen.de\/bad-schlema\/wp-json\/wp\/v2\/pages"}],"about":[{"href":"https:\/\/www.kneipp-sachsen.de\/bad-schlema\/wp-json\/wp\/v2\/types\/page"}],"author":[{"embeddable":true,"href":"https:\/\/www.kneipp-sachsen.de\/bad-schlema\/wp-json\/wp\/v2\/users\/2"}],"replies":[{"embeddable":true,"href":"https:\/\/www.kneipp-sachsen.de\/bad-schlema\/wp-json\/wp\/v2\/comments?post=50"}],"version-history":[{"count":2,"href":"https:\/\/www.kneipp-sachsen.de\/bad-schlema\/wp-json\/wp\/v2\/pages\/50\/revisions"}],"predecessor-version":[{"id":291,"href":"https:\/\/www.kneipp-sachsen.de\/bad-schlema\/wp-json\/wp\/v2\/pages\/50\/revisions\/291"}],"wp:attachment":[{"href":"https:\/\/www.kneipp-sachsen.de\/bad-schlema\/wp-json\/wp\/v2\/media?parent=50"}],"curies":[{"name":"wp","href":"https:\/\/api.w.org\/{rel}","templated":true}]}}