{"id":1278,"date":"2024-11-04T17:29:30","date_gmt":"2024-11-04T16:29:30","guid":{"rendered":"https:\/\/www.kneipp-sachsen.de\/radebeul\/programm-2-halbjahr-2024-kneipp-radebeul\/aktuelles-programm-als-pdf-copy\/"},"modified":"2026-03-20T15:40:13","modified_gmt":"2026-03-20T14:40:13","slug":"gesundheitsvisite","status":"publish","type":"page","link":"https:\/\/www.kneipp-sachsen.de\/radebeul\/programm-2-halbjahr-2025-kneipp-radebeul\/gesundheitsvisite\/","title":{"rendered":"Gesundheitsvisite"},"content":{"rendered":"<!--themify_builder_content-->\n<div id=\"themify_builder_content-1278\" data-postid=\"1278\" class=\"themify_builder_content themify_builder_content-1278 themify_builder tf_clear\">\n                    <div  data-lazy=\"1\" class=\"module_row themify_builder_row tb_tr04707 tb_first tf_w\">\n                        <div class=\"row_inner col_align_top tb_col_count_1 tf_box tf_rel\">\n                        <div  data-lazy=\"1\" class=\"module_column tb-column col-full tb_0r9p287 first\">\n                            <div  data-lazy=\"1\" class=\"module_subrow themify_builder_sub_row tf_w col_align_top tb_col_count_1 tb_ylre777\">\n                <div  data-lazy=\"1\" class=\"module_column sub_column col-full tb_go93037 first\">\n                    <!-- module fancy heading -->\n<div  class=\"module module-fancy-heading tb_q7vu876 \" data-lazy=\"1\">\n        <h1 class=\"fancy-heading\">\n    <span class=\"main-head tf_block\">\n                    Gesundheitsvisite            <\/span>\n\n    \n    <span class=\"sub-head tf_block tf_rel\">\n                                <\/span>\n    <\/h1>\n<\/div>\n<!-- \/module fancy heading -->\n<!-- module text -->\n<div  class=\"module module-text tb_m1g1900   \" data-lazy=\"1\">\n        <div  class=\"tb_text_wrap\">\n        <p><a href=\"https:\/\/www.kneipp-sachsen.de\/radebeul\/wp-content\/uploads\/2026\/03\/Gesundheitsvisite_03_2026.pdf\">Gesundheitsvisite_03_2026<\/a><\/p>\n<p class=\"MsoNormal\"><span style=\"font-family: 'Arial',sans-serif;\">Liebe Kneipp-Freundinnen und Kneipp-Freunde,<br><br>die Tage werden sp\u00fcrbar l\u00e4nger und w\u00e4rmer, erste Knospen zeigen sich, und viele Menschen versp\u00fcren neue Energie. <\/span><\/p>\n<p class=\"MsoNormal\"><span style=\"font-family: 'Arial',sans-serif;\">Doch ganz so leicht gelingt der \u00dcbergang vom Winter in den Fr\u00fchling nicht immer: <\/span><\/p>\n<p class=\"MsoNormal\"><span style=\"font-family: 'Arial',sans-serif;\">Erk\u00e4ltungen klingen oft nur langsam ab, die Haut ist noch gereizt von Heizungsluft, und bei manchen k\u00fcndigt sich bereits die Allergiesaison an. <\/span><\/p>\n<p><span style=\"font-family: Arial, sans-serif; font-size: 18.5962px;\">Wie k\u00f6nnen wir diese besondere Jahreszeit bewusst f\u00fcr unsere Gesundheit nutzen?\u00a0Mehr dazu erfahren Sie in der\u00a0Kneipp-Gesundheitsvisite M\u00e4rz 2026. Viel Spa\u00df beim Lesen!<\/span><\/p>\n<p>Das Dokument k\u00f6nnen Sie\u00a0 hier anschauen und herunterladen<\/p>    <\/div>\n<\/div>\n<!-- \/module text -->        <\/div>\n                    <\/div>\n                <\/div>\n                        <\/div>\n        <\/div>\n        <\/div>\n<!--\/themify_builder_content-->","protected":false},"excerpt":{"rendered":"<p>Gesundheitsvisite_03_2026 Liebe Kneipp-Freundinnen und Kneipp-Freunde,die Tage werden sp\u00fcrbar l\u00e4nger und w\u00e4rmer, erste Knospen zeigen sich, und viele Menschen versp\u00fcren neue Energie. Doch ganz so leicht gelingt der \u00dcbergang vom Winter in den Fr\u00fchling nicht immer: Erk\u00e4ltungen klingen oft nur langsam ab, die Haut ist noch gereizt von Heizungsluft, und bei manchen k\u00fcndigt sich bereits die [&hellip;]<\/p>\n","protected":false},"author":5,"featured_media":0,"parent":807,"menu_order":0,"comment_status":"closed","ping_status":"closed","template":"","meta":{"footnotes":"","advanced-sidebar-menu\/link-title":"","advanced-sidebar-menu\/exclude-page":false},"class_list":["post-1278","page","type-page","status-publish","hentry","has-post-title","has-post-date","has-post-category","has-post-tag","has-post-comment","has-post-author",""],"yoast_head":"<!-- This site is optimized with the Yoast SEO plugin v24.7 - https:\/\/yoast.com\/wordpress\/plugins\/seo\/ -->\n<title>Gesundheitsvisite - Kneipp Radebeul<\/title>\n<meta name=\"description\" content=\"Satzung Kneipp Radebeul\" \/>\n<meta name=\"robots\" content=\"index, follow, max-snippet:-1, max-image-preview:large, max-video-preview:-1\" \/>\n<link rel=\"canonical\" href=\"https:\/\/www.kneipp-sachsen.de\/radebeul\/programm-2-halbjahr-2025-kneipp-radebeul\/gesundheitsvisite\/\" \/>\n<meta property=\"og:locale\" content=\"de_DE\" \/>\n<meta property=\"og:type\" content=\"article\" \/>\n<meta property=\"og:title\" content=\"Gesundheitsvisite - Kneipp Radebeul\" \/>\n<meta property=\"og:description\" content=\"Satzung Kneipp Radebeul\" \/>\n<meta property=\"og:url\" content=\"https:\/\/www.kneipp-sachsen.de\/radebeul\/programm-2-halbjahr-2025-kneipp-radebeul\/gesundheitsvisite\/\" \/>\n<meta property=\"og:site_name\" content=\"Kneipp Radebeul\" \/>\n<meta property=\"article:modified_time\" content=\"2026-03-20T14:40:13+00:00\" \/>\n<meta name=\"twitter:card\" content=\"summary_large_image\" \/>\n<meta name=\"twitter:label1\" content=\"Gesch\u00e4tzte Lesezeit\" \/>\n\t<meta name=\"twitter:data1\" content=\"1\u00a0Minute\" \/>\n<script type=\"application\/ld+json\" class=\"yoast-schema-graph\">{\"@context\":\"https:\/\/schema.org\",\"@graph\":[{\"@type\":\"WebPage\",\"@id\":\"https:\/\/www.kneipp-sachsen.de\/radebeul\/programm-2-halbjahr-2025-kneipp-radebeul\/gesundheitsvisite\/\",\"url\":\"https:\/\/www.kneipp-sachsen.de\/radebeul\/programm-2-halbjahr-2025-kneipp-radebeul\/gesundheitsvisite\/\",\"name\":\"Gesundheitsvisite - Kneipp Radebeul\",\"isPartOf\":{\"@id\":\"https:\/\/www.kneipp-sachsen.de\/radebeul\/#website\"},\"datePublished\":\"2024-11-04T16:29:30+00:00\",\"dateModified\":\"2026-03-20T14:40:13+00:00\",\"description\":\"Satzung Kneipp Radebeul\",\"breadcrumb\":{\"@id\":\"https:\/\/www.kneipp-sachsen.de\/radebeul\/programm-2-halbjahr-2025-kneipp-radebeul\/gesundheitsvisite\/#breadcrumb\"},\"inLanguage\":\"de\",\"potentialAction\":[{\"@type\":\"ReadAction\",\"target\":[\"https:\/\/www.kneipp-sachsen.de\/radebeul\/programm-2-halbjahr-2025-kneipp-radebeul\/gesundheitsvisite\/\"]}]},{\"@type\":\"BreadcrumbList\",\"@id\":\"https:\/\/www.kneipp-sachsen.de\/radebeul\/programm-2-halbjahr-2025-kneipp-radebeul\/gesundheitsvisite\/#breadcrumb\",\"itemListElement\":[{\"@type\":\"ListItem\",\"position\":1,\"name\":\"Startseite\",\"item\":\"https:\/\/www.kneipp-sachsen.de\/radebeul\/\"},{\"@type\":\"ListItem\",\"position\":2,\"name\":\"Programm zweites Halbjahr 2025 \/ Historie\",\"item\":\"https:\/\/www.kneipp-sachsen.de\/radebeul\/programm-2-halbjahr-2025-kneipp-radebeul\/\"},{\"@type\":\"ListItem\",\"position\":3,\"name\":\"Gesundheitsvisite\"}]},{\"@type\":\"WebSite\",\"@id\":\"https:\/\/www.kneipp-sachsen.de\/radebeul\/#website\",\"url\":\"https:\/\/www.kneipp-sachsen.de\/radebeul\/\",\"name\":\"Kneipp Radebeul\",\"description\":\"Eine weitere WordPress-Website\",\"publisher\":{\"@id\":\"https:\/\/www.kneipp-sachsen.de\/radebeul\/#organization\"},\"potentialAction\":[{\"@type\":\"SearchAction\",\"target\":{\"@type\":\"EntryPoint\",\"urlTemplate\":\"https:\/\/www.kneipp-sachsen.de\/radebeul\/?s={search_term_string}\"},\"query-input\":{\"@type\":\"PropertyValueSpecification\",\"valueRequired\":true,\"valueName\":\"search_term_string\"}}],\"inLanguage\":\"de\"},{\"@type\":\"Organization\",\"@id\":\"https:\/\/www.kneipp-sachsen.de\/radebeul\/#organization\",\"name\":\"Kneipp Radebeul\",\"url\":\"https:\/\/www.kneipp-sachsen.de\/radebeul\/\",\"logo\":{\"@type\":\"ImageObject\",\"inLanguage\":\"de\",\"@id\":\"https:\/\/www.kneipp-sachsen.de\/radebeul\/#\/schema\/logo\/image\/\",\"url\":\"https:\/\/www.kneipp-sachsen.de\/radebeul\/wp-content\/uploads\/2024\/03\/Radebeul.png\",\"contentUrl\":\"https:\/\/www.kneipp-sachsen.de\/radebeul\/wp-content\/uploads\/2024\/03\/Radebeul.png\",\"width\":967,\"height\":758,\"caption\":\"Kneipp Radebeul\"},\"image\":{\"@id\":\"https:\/\/www.kneipp-sachsen.de\/radebeul\/#\/schema\/logo\/image\/\"}}]}<\/script>\n<!-- \/ Yoast SEO plugin. -->","yoast_head_json":{"title":"Gesundheitsvisite - Kneipp Radebeul","description":"Satzung Kneipp Radebeul","robots":{"index":"index","follow":"follow","max-snippet":"max-snippet:-1","max-image-preview":"max-image-preview:large","max-video-preview":"max-video-preview:-1"},"canonical":"https:\/\/www.kneipp-sachsen.de\/radebeul\/programm-2-halbjahr-2025-kneipp-radebeul\/gesundheitsvisite\/","og_locale":"de_DE","og_type":"article","og_title":"Gesundheitsvisite - Kneipp Radebeul","og_description":"Satzung Kneipp Radebeul","og_url":"https:\/\/www.kneipp-sachsen.de\/radebeul\/programm-2-halbjahr-2025-kneipp-radebeul\/gesundheitsvisite\/","og_site_name":"Kneipp Radebeul","article_modified_time":"2026-03-20T14:40:13+00:00","twitter_card":"summary_large_image","twitter_misc":{"Gesch\u00e4tzte Lesezeit":"1\u00a0Minute"},"schema":{"@context":"https:\/\/schema.org","@graph":[{"@type":"WebPage","@id":"https:\/\/www.kneipp-sachsen.de\/radebeul\/programm-2-halbjahr-2025-kneipp-radebeul\/gesundheitsvisite\/","url":"https:\/\/www.kneipp-sachsen.de\/radebeul\/programm-2-halbjahr-2025-kneipp-radebeul\/gesundheitsvisite\/","name":"Gesundheitsvisite - Kneipp Radebeul","isPartOf":{"@id":"https:\/\/www.kneipp-sachsen.de\/radebeul\/#website"},"datePublished":"2024-11-04T16:29:30+00:00","dateModified":"2026-03-20T14:40:13+00:00","description":"Satzung Kneipp Radebeul","breadcrumb":{"@id":"https:\/\/www.kneipp-sachsen.de\/radebeul\/programm-2-halbjahr-2025-kneipp-radebeul\/gesundheitsvisite\/#breadcrumb"},"inLanguage":"de","potentialAction":[{"@type":"ReadAction","target":["https:\/\/www.kneipp-sachsen.de\/radebeul\/programm-2-halbjahr-2025-kneipp-radebeul\/gesundheitsvisite\/"]}]},{"@type":"BreadcrumbList","@id":"https:\/\/www.kneipp-sachsen.de\/radebeul\/programm-2-halbjahr-2025-kneipp-radebeul\/gesundheitsvisite\/#breadcrumb","itemListElement":[{"@type":"ListItem","position":1,"name":"Startseite","item":"https:\/\/www.kneipp-sachsen.de\/radebeul\/"},{"@type":"ListItem","position":2,"name":"Programm zweites Halbjahr 2025 \/ Historie","item":"https:\/\/www.kneipp-sachsen.de\/radebeul\/programm-2-halbjahr-2025-kneipp-radebeul\/"},{"@type":"ListItem","position":3,"name":"Gesundheitsvisite"}]},{"@type":"WebSite","@id":"https:\/\/www.kneipp-sachsen.de\/radebeul\/#website","url":"https:\/\/www.kneipp-sachsen.de\/radebeul\/","name":"Kneipp Radebeul","description":"Eine weitere WordPress-Website","publisher":{"@id":"https:\/\/www.kneipp-sachsen.de\/radebeul\/#organization"},"potentialAction":[{"@type":"SearchAction","target":{"@type":"EntryPoint","urlTemplate":"https:\/\/www.kneipp-sachsen.de\/radebeul\/?s={search_term_string}"},"query-input":{"@type":"PropertyValueSpecification","valueRequired":true,"valueName":"search_term_string"}}],"inLanguage":"de"},{"@type":"Organization","@id":"https:\/\/www.kneipp-sachsen.de\/radebeul\/#organization","name":"Kneipp Radebeul","url":"https:\/\/www.kneipp-sachsen.de\/radebeul\/","logo":{"@type":"ImageObject","inLanguage":"de","@id":"https:\/\/www.kneipp-sachsen.de\/radebeul\/#\/schema\/logo\/image\/","url":"https:\/\/www.kneipp-sachsen.de\/radebeul\/wp-content\/uploads\/2024\/03\/Radebeul.png","contentUrl":"https:\/\/www.kneipp-sachsen.de\/radebeul\/wp-content\/uploads\/2024\/03\/Radebeul.png","width":967,"height":758,"caption":"Kneipp Radebeul"},"image":{"@id":"https:\/\/www.kneipp-sachsen.de\/radebeul\/#\/schema\/logo\/image\/"}}]}},"builder_content":"<h1>Gesundheitsvisite<br\/><\/h1>\n<p><a href=\"https:\/\/www.kneipp-sachsen.de\/radebeul\/wp-content\/uploads\/2026\/03\/Gesundheitsvisite_03_2026.pdf\">Gesundheitsvisite_03_2026<\/a><\/p> <p>Liebe Kneipp-Freundinnen und Kneipp-Freunde,<br><br>die Tage werden sp\u00fcrbar l\u00e4nger und w\u00e4rmer, erste Knospen zeigen sich, und viele Menschen versp\u00fcren neue Energie. <\/p> <p>Doch ganz so leicht gelingt der \u00dcbergang vom Winter in den Fr\u00fchling nicht immer: <\/p> <p>Erk\u00e4ltungen klingen oft nur langsam ab, die Haut ist noch gereizt von Heizungsluft, und bei manchen k\u00fcndigt sich bereits die Allergiesaison an. <\/p> <p>Wie k\u00f6nnen wir diese besondere Jahreszeit bewusst f\u00fcr unsere Gesundheit nutzen?\u00a0Mehr dazu erfahren Sie in der\u00a0Kneipp-Gesundheitsvisite M\u00e4rz 2026. Viel Spa\u00df beim Lesen!<\/p> <p>Das Dokument k\u00f6nnen Sie\u00a0 hier anschauen und herunterladen<\/p>","_links":{"self":[{"href":"https:\/\/www.kneipp-sachsen.de\/radebeul\/wp-json\/wp\/v2\/pages\/1278","targetHints":{"allow":["GET"]}}],"collection":[{"href":"https:\/\/www.kneipp-sachsen.de\/radebeul\/wp-json\/wp\/v2\/pages"}],"about":[{"href":"https:\/\/www.kneipp-sachsen.de\/radebeul\/wp-json\/wp\/v2\/types\/page"}],"author":[{"embeddable":true,"href":"https:\/\/www.kneipp-sachsen.de\/radebeul\/wp-json\/wp\/v2\/users\/5"}],"replies":[{"embeddable":true,"href":"https:\/\/www.kneipp-sachsen.de\/radebeul\/wp-json\/wp\/v2\/comments?post=1278"}],"version-history":[{"count":29,"href":"https:\/\/www.kneipp-sachsen.de\/radebeul\/wp-json\/wp\/v2\/pages\/1278\/revisions"}],"predecessor-version":[{"id":1716,"href":"https:\/\/www.kneipp-sachsen.de\/radebeul\/wp-json\/wp\/v2\/pages\/1278\/revisions\/1716"}],"up":[{"embeddable":true,"href":"https:\/\/www.kneipp-sachsen.de\/radebeul\/wp-json\/wp\/v2\/pages\/807"}],"wp:attachment":[{"href":"https:\/\/www.kneipp-sachsen.de\/radebeul\/wp-json\/wp\/v2\/media?parent=1278"}],"curies":[{"name":"wp","href":"https:\/\/api.w.org\/{rel}","templated":true}]}}

<!--themify_builder_content-->
<div id="themify_builder_content-1278" data-postid="1278" class="themify_builder_content themify_builder_content-1278 themify_builder tf_clear">
                    <div  data-lazy="1" class="module_row themify_builder_row tb_tr04707 tb_first tf_w">
                        <div class="row_inner col_align_top tb_col_count_1 tf_box tf_rel">
                        <div  data-lazy="1" class="module_column tb-column col-full tb_0r9p287 first">
                            <div  data-lazy="1" class="module_subrow themify_builder_sub_row tf_w col_align_top tb_col_count_1 tb_ylre777">
                <div  data-lazy="1" class="module_column sub_column col-full tb_go93037 first">
                    <!-- module fancy heading -->
<div  class="module module-fancy-heading tb_q7vu876 " data-lazy="1">
        <h1 class="fancy-heading">
    <span class="main-head tf_block">
                    Gesundheitsvisite            </span>

    
    <span class="sub-head tf_block tf_rel">
                                </span>
    </h1>
</div>
<!-- /module fancy heading -->
<!-- module text -->
<div  class="module module-text tb_m1g1900   " data-lazy="1">
        <div  class="tb_text_wrap">
        <p><a href="https://www.kneipp-sachsen.de/radebeul/wp-content/uploads/2026/03/Gesundheitsvisite_03_2026.pdf">Gesundheitsvisite_03_2026</a></p>
<p class="MsoNormal"><span style="font-family: 'Arial',sans-serif;">Liebe Kneipp-Freundinnen und Kneipp-Freunde,<br><br>die Tage werden spürbar länger und wärmer, erste Knospen zeigen sich, und viele Menschen verspüren neue Energie. </span></p>
<p class="MsoNormal"><span style="font-family: 'Arial',sans-serif;">Doch ganz so leicht gelingt der Übergang vom Winter in den Frühling nicht immer: </span></p>
<p class="MsoNormal"><span style="font-family: 'Arial',sans-serif;">Erkältungen klingen oft nur langsam ab, die Haut ist noch gereizt von Heizungsluft, und bei manchen kündigt sich bereits die Allergiesaison an. </span></p>
<p><span style="font-family: Arial, sans-serif; font-size: 18.5962px;">Wie können wir diese besondere Jahreszeit bewusst für unsere Gesundheit nutzen? Mehr dazu erfahren Sie in der Kneipp-Gesundheitsvisite März 2026. Viel Spaß beim Lesen!</span></p>
<p>Das Dokument können Sie  hier anschauen und herunterladen</p>    </div>
</div>
<!-- /module text -->        </div>
                    </div>
                </div>
                        </div>
        </div>
        </div>
<!--/themify_builder_content-->

<p>Gesundheitsvisite_03_2026 Liebe Kneipp-Freundinnen und Kneipp-Freunde,die Tage werden spürbar länger und wärmer, erste Knospen zeigen sich, und viele Menschen verspüren neue Energie. Doch ganz so leicht gelingt der Übergang vom Winter in den Frühling nicht immer: Erkältungen klingen oft nur langsam ab, die Haut ist noch gereizt von Heizungsluft, und bei manchen kündigt sich bereits die [&hellip;]</p>

<!-- This site is optimized with the Yoast SEO plugin v24.7 - https://yoast.com/wordpress/plugins/seo/ -->
<title>Gesundheitsvisite - Kneipp Radebeul</title>
<meta name="description" content="Satzung Kneipp Radebeul" />
<meta name="robots" content="index, follow, max-snippet:-1, max-image-preview:large, max-video-preview:-1" />
<link rel="canonical" href="https://www.kneipp-sachsen.de/radebeul/programm-2-halbjahr-2025-kneipp-radebeul/gesundheitsvisite/" />
<meta property="og:locale" content="de_DE" />
<meta property="og:type" content="article" />
<meta property="og:title" content="Gesundheitsvisite - Kneipp Radebeul" />
<meta property="og:description" content="Satzung Kneipp Radebeul" />
<meta property="og:url" content="https://www.kneipp-sachsen.de/radebeul/programm-2-halbjahr-2025-kneipp-radebeul/gesundheitsvisite/" />
<meta property="og:site_name" content="Kneipp Radebeul" />
<meta property="article:modified_time" content="2026-03-20T14:40:13+00:00" />
<meta name="twitter:card" content="summary_large_image" />
<meta name="twitter:label1" content="Geschätzte Lesezeit" />
	<meta name="twitter:data1" content="1 Minute" />
<script type="application/ld+json" class="yoast-schema-graph">{"@context":"https://schema.org","@graph":[{"@type":"WebPage","@id":"https://www.kneipp-sachsen.de/radebeul/programm-2-halbjahr-2025-kneipp-radebeul/gesundheitsvisite/","url":"https://www.kneipp-sachsen.de/radebeul/programm-2-halbjahr-2025-kneipp-radebeul/gesundheitsvisite/","name":"Gesundheitsvisite - Kneipp Radebeul","isPartOf":{"@id":"https://www.kneipp-sachsen.de/radebeul/#website"},"datePublished":"2024-11-04T16:29:30+00:00","dateModified":"2026-03-20T14:40:13+00:00","description":"Satzung Kneipp Radebeul","breadcrumb":{"@id":"https://www.kneipp-sachsen.de/radebeul/programm-2-halbjahr-2025-kneipp-radebeul/gesundheitsvisite/#breadcrumb"},"inLanguage":"de","potentialAction":[{"@type":"ReadAction","target":["https://www.kneipp-sachsen.de/radebeul/programm-2-halbjahr-2025-kneipp-radebeul/gesundheitsvisite/"]}]},{"@type":"BreadcrumbList","@id":"https://www.kneipp-sachsen.de/radebeul/programm-2-halbjahr-2025-kneipp-radebeul/gesundheitsvisite/#breadcrumb","itemListElement":[{"@type":"ListItem","position":1,"name":"Startseite","item":"https://www.kneipp-sachsen.de/radebeul/"},{"@type":"ListItem","position":2,"name":"Programm zweites Halbjahr 2025 / Historie","item":"https://www.kneipp-sachsen.de/radebeul/programm-2-halbjahr-2025-kneipp-radebeul/"},{"@type":"ListItem","position":3,"name":"Gesundheitsvisite"}]},{"@type":"WebSite","@id":"https://www.kneipp-sachsen.de/radebeul/#website","url":"https://www.kneipp-sachsen.de/radebeul/","name":"Kneipp Radebeul","description":"Eine weitere WordPress-Website","publisher":{"@id":"https://www.kneipp-sachsen.de/radebeul/#organization"},"potentialAction":[{"@type":"SearchAction","target":{"@type":"EntryPoint","urlTemplate":"https://www.kneipp-sachsen.de/radebeul/?s={search_term_string}"},"query-input":{"@type":"PropertyValueSpecification","valueRequired":true,"valueName":"search_term_string"}}],"inLanguage":"de"},{"@type":"Organization","@id":"https://www.kneipp-sachsen.de/radebeul/#organization","name":"Kneipp Radebeul","url":"https://www.kneipp-sachsen.de/radebeul/","logo":{"@type":"ImageObject","inLanguage":"de","@id":"https://www.kneipp-sachsen.de/radebeul/#/schema/logo/image/","url":"https://www.kneipp-sachsen.de/radebeul/wp-content/uploads/2024/03/Radebeul.png","contentUrl":"https://www.kneipp-sachsen.de/radebeul/wp-content/uploads/2024/03/Radebeul.png","width":967,"height":758,"caption":"Kneipp Radebeul"},"image":{"@id":"https://www.kneipp-sachsen.de/radebeul/#/schema/logo/image/"}}]}</script>
<!-- / Yoast SEO plugin. -->

<h1>Gesundheitsvisite<br/></h1>
<p><a href="https://www.kneipp-sachsen.de/radebeul/wp-content/uploads/2026/03/Gesundheitsvisite_03_2026.pdf">Gesundheitsvisite_03_2026</a></p> <p>Liebe Kneipp-Freundinnen und Kneipp-Freunde,<br><br>die Tage werden spürbar länger und wärmer, erste Knospen zeigen sich, und viele Menschen verspüren neue Energie. </p> <p>Doch ganz so leicht gelingt der Übergang vom Winter in den Frühling nicht immer: </p> <p>Erkältungen klingen oft nur langsam ab, die Haut ist noch gereizt von Heizungsluft, und bei manchen kündigt sich bereits die Allergiesaison an. </p> <p>Wie können wir diese besondere Jahreszeit bewusst für unsere Gesundheit nutzen? Mehr dazu erfahren Sie in der Kneipp-Gesundheitsvisite März 2026. Viel Spaß beim Lesen!</p> <p>Das Dokument können Sie  hier anschauen und herunterladen</p>
