{"id":1728,"date":"2026-04-20T15:47:19","date_gmt":"2026-04-20T13:47:19","guid":{"rendered":"https:\/\/www.kneipp-sachsen.de\/radebeul\/programm-2-halbjahr-2025-kneipp-radebeul\/gesundheitsvisite-copy\/"},"modified":"2026-04-20T15:53:21","modified_gmt":"2026-04-20T13:53:21","slug":"gesundheitsvisite-3","status":"publish","type":"page","link":"https:\/\/www.kneipp-sachsen.de\/radebeul\/programm-2-halbjahr-2025-kneipp-radebeul\/gesundheitsvisite-3\/","title":{"rendered":"Radebeul Mitte am 9.Mai 2026"},"content":{"rendered":"<!--themify_builder_content-->\n<div id=\"themify_builder_content-1728\" data-postid=\"1728\" class=\"themify_builder_content themify_builder_content-1728 themify_builder tf_clear\">\n                    <div  data-lazy=\"1\" class=\"module_row themify_builder_row tb_9427020 tb_first tf_w\">\n                        <div class=\"row_inner col_align_top tb_col_count_1 tf_box tf_rel\">\n                        <div  data-lazy=\"1\" class=\"module_column tb-column col-full tb_eje3602 first\">\n                            <div  data-lazy=\"1\" class=\"module_subrow themify_builder_sub_row tf_w col_align_top tb_col_count_1 tb_1z1x024\">\n                <div  data-lazy=\"1\" class=\"module_column sub_column col-full tb_7pvn082 first\">\n                    <!-- module fancy heading -->\n<div  class=\"module module-fancy-heading tb_0pol042 \" data-lazy=\"1\">\n        <h1 class=\"fancy-heading\">\n    <span class=\"main-head tf_block\">\n                    St\u00e4dtebauf\u00f6rderung in Radebeul            <\/span>\n\n    \n    <span class=\"sub-head tf_block tf_rel\">\n                                <\/span>\n    <\/h1>\n<\/div>\n<!-- \/module fancy heading -->\n<!-- module text -->\n<div  class=\"module module-text tb_tkqp408   \" data-lazy=\"1\">\n        <div  class=\"tb_text_wrap\">\n        <p><a href=\"https:\/\/www.kneipp-sachsen.de\/radebeul\/wp-content\/uploads\/2026\/04\/Tag-der-Staedtebaufoerderung_Plakat-A3_Druckfreigabe_2.pdf\">St\u00e4dtebauf\u00f6rderung<\/a><\/p>\n<p class=\"MsoNormal\"><span style=\"font-family: 'Arial',sans-serif;\">Liebe Kneipp-Freundinnen und Kneipp-Freunde,<br><br><\/span><span style=\"font-size: 18.5962px;\">Radebeul l\u00e4dt erstmals ins ehemalige Laborgeb\u00e4ude auf der Mei\u00dfner Stra\u00dfe 189 ein, das k\u00fcnftige \u201eHaus der Kultur und Geschichte\u201c im Entwicklungsgebiet \u201esportlich-kulturelle Mitte\u201c.<\/span><\/p>\n<p>Das Dokument k\u00f6nnen Sie\u00a0 hier anschauen und herunterladen<\/p>    <\/div>\n<\/div>\n<!-- \/module text -->        <\/div>\n                    <\/div>\n                <\/div>\n                        <\/div>\n        <\/div>\n        <\/div>\n<!--\/themify_builder_content-->","protected":false},"excerpt":{"rendered":"<p>St\u00e4dtebauf\u00f6rderung Liebe Kneipp-Freundinnen und Kneipp-Freunde,Radebeul l\u00e4dt erstmals ins ehemalige Laborgeb\u00e4ude auf der Mei\u00dfner Stra\u00dfe 189 ein, das k\u00fcnftige \u201eHaus der Kultur und Geschichte\u201c im Entwicklungsgebiet \u201esportlich-kulturelle Mitte\u201c. Das Dokument k\u00f6nnen Sie\u00a0 hier anschauen und herunterladen<\/p>\n","protected":false},"author":5,"featured_media":0,"parent":807,"menu_order":0,"comment_status":"closed","ping_status":"closed","template":"","meta":{"footnotes":"","advanced-sidebar-menu\/link-title":"","advanced-sidebar-menu\/exclude-page":false},"class_list":["post-1728","page","type-page","status-publish","hentry","has-post-title","has-post-date","has-post-category","has-post-tag","has-post-comment","has-post-author",""],"yoast_head":"<!-- This site is optimized with the Yoast SEO plugin v24.7 - https:\/\/yoast.com\/wordpress\/plugins\/seo\/ -->\n<title>Radebeul Mitte am 9.Mai 2026 - Kneipp Radebeul<\/title>\n<meta name=\"description\" content=\"Satzung Kneipp Radebeul\" \/>\n<meta name=\"robots\" content=\"index, follow, max-snippet:-1, max-image-preview:large, max-video-preview:-1\" \/>\n<link rel=\"canonical\" href=\"https:\/\/www.kneipp-sachsen.de\/radebeul\/programm-2-halbjahr-2025-kneipp-radebeul\/gesundheitsvisite-3\/\" \/>\n<meta property=\"og:locale\" content=\"de_DE\" \/>\n<meta property=\"og:type\" content=\"article\" \/>\n<meta property=\"og:title\" content=\"Radebeul Mitte am 9.Mai 2026 - Kneipp Radebeul\" \/>\n<meta property=\"og:description\" content=\"Satzung Kneipp Radebeul\" \/>\n<meta property=\"og:url\" content=\"https:\/\/www.kneipp-sachsen.de\/radebeul\/programm-2-halbjahr-2025-kneipp-radebeul\/gesundheitsvisite-3\/\" \/>\n<meta property=\"og:site_name\" content=\"Kneipp Radebeul\" \/>\n<meta property=\"article:modified_time\" content=\"2026-04-20T13:53:21+00:00\" \/>\n<meta name=\"twitter:card\" content=\"summary_large_image\" \/>\n<meta name=\"twitter:label1\" content=\"Gesch\u00e4tzte Lesezeit\" \/>\n\t<meta name=\"twitter:data1\" content=\"1\u00a0Minute\" \/>\n<script type=\"application\/ld+json\" class=\"yoast-schema-graph\">{\"@context\":\"https:\/\/schema.org\",\"@graph\":[{\"@type\":\"WebPage\",\"@id\":\"https:\/\/www.kneipp-sachsen.de\/radebeul\/programm-2-halbjahr-2025-kneipp-radebeul\/gesundheitsvisite-3\/\",\"url\":\"https:\/\/www.kneipp-sachsen.de\/radebeul\/programm-2-halbjahr-2025-kneipp-radebeul\/gesundheitsvisite-3\/\",\"name\":\"Radebeul Mitte am 9.Mai 2026 - Kneipp Radebeul\",\"isPartOf\":{\"@id\":\"https:\/\/www.kneipp-sachsen.de\/radebeul\/#website\"},\"datePublished\":\"2026-04-20T13:47:19+00:00\",\"dateModified\":\"2026-04-20T13:53:21+00:00\",\"description\":\"Satzung Kneipp Radebeul\",\"breadcrumb\":{\"@id\":\"https:\/\/www.kneipp-sachsen.de\/radebeul\/programm-2-halbjahr-2025-kneipp-radebeul\/gesundheitsvisite-3\/#breadcrumb\"},\"inLanguage\":\"de\",\"potentialAction\":[{\"@type\":\"ReadAction\",\"target\":[\"https:\/\/www.kneipp-sachsen.de\/radebeul\/programm-2-halbjahr-2025-kneipp-radebeul\/gesundheitsvisite-3\/\"]}]},{\"@type\":\"BreadcrumbList\",\"@id\":\"https:\/\/www.kneipp-sachsen.de\/radebeul\/programm-2-halbjahr-2025-kneipp-radebeul\/gesundheitsvisite-3\/#breadcrumb\",\"itemListElement\":[{\"@type\":\"ListItem\",\"position\":1,\"name\":\"Startseite\",\"item\":\"https:\/\/www.kneipp-sachsen.de\/radebeul\/\"},{\"@type\":\"ListItem\",\"position\":2,\"name\":\"Programm zweites Halbjahr 2025 \/ Historie\",\"item\":\"https:\/\/www.kneipp-sachsen.de\/radebeul\/programm-2-halbjahr-2025-kneipp-radebeul\/\"},{\"@type\":\"ListItem\",\"position\":3,\"name\":\"Radebeul Mitte am 9.Mai 2026\"}]},{\"@type\":\"WebSite\",\"@id\":\"https:\/\/www.kneipp-sachsen.de\/radebeul\/#website\",\"url\":\"https:\/\/www.kneipp-sachsen.de\/radebeul\/\",\"name\":\"Kneipp Radebeul\",\"description\":\"Eine weitere WordPress-Website\",\"publisher\":{\"@id\":\"https:\/\/www.kneipp-sachsen.de\/radebeul\/#organization\"},\"potentialAction\":[{\"@type\":\"SearchAction\",\"target\":{\"@type\":\"EntryPoint\",\"urlTemplate\":\"https:\/\/www.kneipp-sachsen.de\/radebeul\/?s={search_term_string}\"},\"query-input\":{\"@type\":\"PropertyValueSpecification\",\"valueRequired\":true,\"valueName\":\"search_term_string\"}}],\"inLanguage\":\"de\"},{\"@type\":\"Organization\",\"@id\":\"https:\/\/www.kneipp-sachsen.de\/radebeul\/#organization\",\"name\":\"Kneipp Radebeul\",\"url\":\"https:\/\/www.kneipp-sachsen.de\/radebeul\/\",\"logo\":{\"@type\":\"ImageObject\",\"inLanguage\":\"de\",\"@id\":\"https:\/\/www.kneipp-sachsen.de\/radebeul\/#\/schema\/logo\/image\/\",\"url\":\"https:\/\/www.kneipp-sachsen.de\/radebeul\/wp-content\/uploads\/2024\/03\/Radebeul.png\",\"contentUrl\":\"https:\/\/www.kneipp-sachsen.de\/radebeul\/wp-content\/uploads\/2024\/03\/Radebeul.png\",\"width\":967,\"height\":758,\"caption\":\"Kneipp Radebeul\"},\"image\":{\"@id\":\"https:\/\/www.kneipp-sachsen.de\/radebeul\/#\/schema\/logo\/image\/\"}}]}<\/script>\n<!-- \/ Yoast SEO plugin. -->","yoast_head_json":{"title":"Radebeul Mitte am 9.Mai 2026 - Kneipp Radebeul","description":"Satzung Kneipp Radebeul","robots":{"index":"index","follow":"follow","max-snippet":"max-snippet:-1","max-image-preview":"max-image-preview:large","max-video-preview":"max-video-preview:-1"},"canonical":"https:\/\/www.kneipp-sachsen.de\/radebeul\/programm-2-halbjahr-2025-kneipp-radebeul\/gesundheitsvisite-3\/","og_locale":"de_DE","og_type":"article","og_title":"Radebeul Mitte am 9.Mai 2026 - Kneipp Radebeul","og_description":"Satzung Kneipp Radebeul","og_url":"https:\/\/www.kneipp-sachsen.de\/radebeul\/programm-2-halbjahr-2025-kneipp-radebeul\/gesundheitsvisite-3\/","og_site_name":"Kneipp Radebeul","article_modified_time":"2026-04-20T13:53:21+00:00","twitter_card":"summary_large_image","twitter_misc":{"Gesch\u00e4tzte Lesezeit":"1\u00a0Minute"},"schema":{"@context":"https:\/\/schema.org","@graph":[{"@type":"WebPage","@id":"https:\/\/www.kneipp-sachsen.de\/radebeul\/programm-2-halbjahr-2025-kneipp-radebeul\/gesundheitsvisite-3\/","url":"https:\/\/www.kneipp-sachsen.de\/radebeul\/programm-2-halbjahr-2025-kneipp-radebeul\/gesundheitsvisite-3\/","name":"Radebeul Mitte am 9.Mai 2026 - Kneipp Radebeul","isPartOf":{"@id":"https:\/\/www.kneipp-sachsen.de\/radebeul\/#website"},"datePublished":"2026-04-20T13:47:19+00:00","dateModified":"2026-04-20T13:53:21+00:00","description":"Satzung Kneipp Radebeul","breadcrumb":{"@id":"https:\/\/www.kneipp-sachsen.de\/radebeul\/programm-2-halbjahr-2025-kneipp-radebeul\/gesundheitsvisite-3\/#breadcrumb"},"inLanguage":"de","potentialAction":[{"@type":"ReadAction","target":["https:\/\/www.kneipp-sachsen.de\/radebeul\/programm-2-halbjahr-2025-kneipp-radebeul\/gesundheitsvisite-3\/"]}]},{"@type":"BreadcrumbList","@id":"https:\/\/www.kneipp-sachsen.de\/radebeul\/programm-2-halbjahr-2025-kneipp-radebeul\/gesundheitsvisite-3\/#breadcrumb","itemListElement":[{"@type":"ListItem","position":1,"name":"Startseite","item":"https:\/\/www.kneipp-sachsen.de\/radebeul\/"},{"@type":"ListItem","position":2,"name":"Programm zweites Halbjahr 2025 \/ Historie","item":"https:\/\/www.kneipp-sachsen.de\/radebeul\/programm-2-halbjahr-2025-kneipp-radebeul\/"},{"@type":"ListItem","position":3,"name":"Radebeul Mitte am 9.Mai 2026"}]},{"@type":"WebSite","@id":"https:\/\/www.kneipp-sachsen.de\/radebeul\/#website","url":"https:\/\/www.kneipp-sachsen.de\/radebeul\/","name":"Kneipp Radebeul","description":"Eine weitere WordPress-Website","publisher":{"@id":"https:\/\/www.kneipp-sachsen.de\/radebeul\/#organization"},"potentialAction":[{"@type":"SearchAction","target":{"@type":"EntryPoint","urlTemplate":"https:\/\/www.kneipp-sachsen.de\/radebeul\/?s={search_term_string}"},"query-input":{"@type":"PropertyValueSpecification","valueRequired":true,"valueName":"search_term_string"}}],"inLanguage":"de"},{"@type":"Organization","@id":"https:\/\/www.kneipp-sachsen.de\/radebeul\/#organization","name":"Kneipp Radebeul","url":"https:\/\/www.kneipp-sachsen.de\/radebeul\/","logo":{"@type":"ImageObject","inLanguage":"de","@id":"https:\/\/www.kneipp-sachsen.de\/radebeul\/#\/schema\/logo\/image\/","url":"https:\/\/www.kneipp-sachsen.de\/radebeul\/wp-content\/uploads\/2024\/03\/Radebeul.png","contentUrl":"https:\/\/www.kneipp-sachsen.de\/radebeul\/wp-content\/uploads\/2024\/03\/Radebeul.png","width":967,"height":758,"caption":"Kneipp Radebeul"},"image":{"@id":"https:\/\/www.kneipp-sachsen.de\/radebeul\/#\/schema\/logo\/image\/"}}]}},"builder_content":"<h1>St\u00e4dtebauf\u00f6rderung in Radebeul<br\/><\/h1>\n<p><a href=\"https:\/\/www.kneipp-sachsen.de\/radebeul\/wp-content\/uploads\/2026\/04\/Tag-der-Staedtebaufoerderung_Plakat-A3_Druckfreigabe_2.pdf\">St\u00e4dtebauf\u00f6rderung<\/a><\/p> <p>Liebe Kneipp-Freundinnen und Kneipp-Freunde,<br><br>Radebeul l\u00e4dt erstmals ins ehemalige Laborgeb\u00e4ude auf der Mei\u00dfner Stra\u00dfe 189 ein, das k\u00fcnftige \u201eHaus der Kultur und Geschichte\u201c im Entwicklungsgebiet \u201esportlich-kulturelle Mitte\u201c.<\/p> <p>Das Dokument k\u00f6nnen Sie\u00a0 hier anschauen und herunterladen<\/p>","_links":{"self":[{"href":"https:\/\/www.kneipp-sachsen.de\/radebeul\/wp-json\/wp\/v2\/pages\/1728","targetHints":{"allow":["GET"]}}],"collection":[{"href":"https:\/\/www.kneipp-sachsen.de\/radebeul\/wp-json\/wp\/v2\/pages"}],"about":[{"href":"https:\/\/www.kneipp-sachsen.de\/radebeul\/wp-json\/wp\/v2\/types\/page"}],"author":[{"embeddable":true,"href":"https:\/\/www.kneipp-sachsen.de\/radebeul\/wp-json\/wp\/v2\/users\/5"}],"replies":[{"embeddable":true,"href":"https:\/\/www.kneipp-sachsen.de\/radebeul\/wp-json\/wp\/v2\/comments?post=1728"}],"version-history":[{"count":8,"href":"https:\/\/www.kneipp-sachsen.de\/radebeul\/wp-json\/wp\/v2\/pages\/1728\/revisions"}],"predecessor-version":[{"id":1736,"href":"https:\/\/www.kneipp-sachsen.de\/radebeul\/wp-json\/wp\/v2\/pages\/1728\/revisions\/1736"}],"up":[{"embeddable":true,"href":"https:\/\/www.kneipp-sachsen.de\/radebeul\/wp-json\/wp\/v2\/pages\/807"}],"wp:attachment":[{"href":"https:\/\/www.kneipp-sachsen.de\/radebeul\/wp-json\/wp\/v2\/media?parent=1728"}],"curies":[{"name":"wp","href":"https:\/\/api.w.org\/{rel}","templated":true}]}}

<!--themify_builder_content-->
<div id="themify_builder_content-1728" data-postid="1728" class="themify_builder_content themify_builder_content-1728 themify_builder tf_clear">
                    <div  data-lazy="1" class="module_row themify_builder_row tb_9427020 tb_first tf_w">
                        <div class="row_inner col_align_top tb_col_count_1 tf_box tf_rel">
                        <div  data-lazy="1" class="module_column tb-column col-full tb_eje3602 first">
                            <div  data-lazy="1" class="module_subrow themify_builder_sub_row tf_w col_align_top tb_col_count_1 tb_1z1x024">
                <div  data-lazy="1" class="module_column sub_column col-full tb_7pvn082 first">
                    <!-- module fancy heading -->
<div  class="module module-fancy-heading tb_0pol042 " data-lazy="1">
        <h1 class="fancy-heading">
    <span class="main-head tf_block">
                    Städtebauförderung in Radebeul            </span>

    
    <span class="sub-head tf_block tf_rel">
                                </span>
    </h1>
</div>
<!-- /module fancy heading -->
<!-- module text -->
<div  class="module module-text tb_tkqp408   " data-lazy="1">
        <div  class="tb_text_wrap">
        <p><a href="https://www.kneipp-sachsen.de/radebeul/wp-content/uploads/2026/04/Tag-der-Staedtebaufoerderung_Plakat-A3_Druckfreigabe_2.pdf">Städtebauförderung</a></p>
<p class="MsoNormal"><span style="font-family: 'Arial',sans-serif;">Liebe Kneipp-Freundinnen und Kneipp-Freunde,<br><br></span><span style="font-size: 18.5962px;">Radebeul lädt erstmals ins ehemalige Laborgebäude auf der Meißner Straße 189 ein, das künftige „Haus der Kultur und Geschichte“ im Entwicklungsgebiet „sportlich-kulturelle Mitte“.</span></p>
<p>Das Dokument können Sie  hier anschauen und herunterladen</p>    </div>
</div>
<!-- /module text -->        </div>
                    </div>
                </div>
                        </div>
        </div>
        </div>
<!--/themify_builder_content-->

<p>Städtebauförderung Liebe Kneipp-Freundinnen und Kneipp-Freunde,Radebeul lädt erstmals ins ehemalige Laborgebäude auf der Meißner Straße 189 ein, das künftige „Haus der Kultur und Geschichte“ im Entwicklungsgebiet „sportlich-kulturelle Mitte“. Das Dokument können Sie  hier anschauen und herunterladen</p>

<!-- This site is optimized with the Yoast SEO plugin v24.7 - https://yoast.com/wordpress/plugins/seo/ -->
<title>Radebeul Mitte am 9.Mai 2026 - Kneipp Radebeul</title>
<meta name="description" content="Satzung Kneipp Radebeul" />
<meta name="robots" content="index, follow, max-snippet:-1, max-image-preview:large, max-video-preview:-1" />
<link rel="canonical" href="https://www.kneipp-sachsen.de/radebeul/programm-2-halbjahr-2025-kneipp-radebeul/gesundheitsvisite-3/" />
<meta property="og:locale" content="de_DE" />
<meta property="og:type" content="article" />
<meta property="og:title" content="Radebeul Mitte am 9.Mai 2026 - Kneipp Radebeul" />
<meta property="og:description" content="Satzung Kneipp Radebeul" />
<meta property="og:url" content="https://www.kneipp-sachsen.de/radebeul/programm-2-halbjahr-2025-kneipp-radebeul/gesundheitsvisite-3/" />
<meta property="og:site_name" content="Kneipp Radebeul" />
<meta property="article:modified_time" content="2026-04-20T13:53:21+00:00" />
<meta name="twitter:card" content="summary_large_image" />
<meta name="twitter:label1" content="Geschätzte Lesezeit" />
	<meta name="twitter:data1" content="1 Minute" />
<script type="application/ld+json" class="yoast-schema-graph">{"@context":"https://schema.org","@graph":[{"@type":"WebPage","@id":"https://www.kneipp-sachsen.de/radebeul/programm-2-halbjahr-2025-kneipp-radebeul/gesundheitsvisite-3/","url":"https://www.kneipp-sachsen.de/radebeul/programm-2-halbjahr-2025-kneipp-radebeul/gesundheitsvisite-3/","name":"Radebeul Mitte am 9.Mai 2026 - Kneipp Radebeul","isPartOf":{"@id":"https://www.kneipp-sachsen.de/radebeul/#website"},"datePublished":"2026-04-20T13:47:19+00:00","dateModified":"2026-04-20T13:53:21+00:00","description":"Satzung Kneipp Radebeul","breadcrumb":{"@id":"https://www.kneipp-sachsen.de/radebeul/programm-2-halbjahr-2025-kneipp-radebeul/gesundheitsvisite-3/#breadcrumb"},"inLanguage":"de","potentialAction":[{"@type":"ReadAction","target":["https://www.kneipp-sachsen.de/radebeul/programm-2-halbjahr-2025-kneipp-radebeul/gesundheitsvisite-3/"]}]},{"@type":"BreadcrumbList","@id":"https://www.kneipp-sachsen.de/radebeul/programm-2-halbjahr-2025-kneipp-radebeul/gesundheitsvisite-3/#breadcrumb","itemListElement":[{"@type":"ListItem","position":1,"name":"Startseite","item":"https://www.kneipp-sachsen.de/radebeul/"},{"@type":"ListItem","position":2,"name":"Programm zweites Halbjahr 2025 / Historie","item":"https://www.kneipp-sachsen.de/radebeul/programm-2-halbjahr-2025-kneipp-radebeul/"},{"@type":"ListItem","position":3,"name":"Radebeul Mitte am 9.Mai 2026"}]},{"@type":"WebSite","@id":"https://www.kneipp-sachsen.de/radebeul/#website","url":"https://www.kneipp-sachsen.de/radebeul/","name":"Kneipp Radebeul","description":"Eine weitere WordPress-Website","publisher":{"@id":"https://www.kneipp-sachsen.de/radebeul/#organization"},"potentialAction":[{"@type":"SearchAction","target":{"@type":"EntryPoint","urlTemplate":"https://www.kneipp-sachsen.de/radebeul/?s={search_term_string}"},"query-input":{"@type":"PropertyValueSpecification","valueRequired":true,"valueName":"search_term_string"}}],"inLanguage":"de"},{"@type":"Organization","@id":"https://www.kneipp-sachsen.de/radebeul/#organization","name":"Kneipp Radebeul","url":"https://www.kneipp-sachsen.de/radebeul/","logo":{"@type":"ImageObject","inLanguage":"de","@id":"https://www.kneipp-sachsen.de/radebeul/#/schema/logo/image/","url":"https://www.kneipp-sachsen.de/radebeul/wp-content/uploads/2024/03/Radebeul.png","contentUrl":"https://www.kneipp-sachsen.de/radebeul/wp-content/uploads/2024/03/Radebeul.png","width":967,"height":758,"caption":"Kneipp Radebeul"},"image":{"@id":"https://www.kneipp-sachsen.de/radebeul/#/schema/logo/image/"}}]}</script>
<!-- / Yoast SEO plugin. -->

<h1>Städtebauförderung in Radebeul<br/></h1>
<p><a href="https://www.kneipp-sachsen.de/radebeul/wp-content/uploads/2026/04/Tag-der-Staedtebaufoerderung_Plakat-A3_Druckfreigabe_2.pdf">Städtebauförderung</a></p> <p>Liebe Kneipp-Freundinnen und Kneipp-Freunde,<br><br>Radebeul lädt erstmals ins ehemalige Laborgebäude auf der Meißner Straße 189 ein, das künftige „Haus der Kultur und Geschichte“ im Entwicklungsgebiet „sportlich-kulturelle Mitte“.</p> <p>Das Dokument können Sie  hier anschauen und herunterladen</p>
